1932062 a multiple of 6414?
True
Does 3165 divide 1213797948?
False
Does 5 divide 166893480?
True
Does 4 divide 9212374?
False
Does 477 divide 117172418?
False
Is 8112124 a multiple of 4?
True
Is 30 a factor of 9664080?
True
Does 286 divide 46215248?
False
Is 1614 a factor of 8005440?
True
Does 22 divide 2902787514?
True
Does 1767 divide 121095882?
False
Is 729541200 a multiple of 300?
True
Is 2434 a factor of 10480804?
True
Is 96 a factor of 1039521933?
False
Does 7 divide 22640968?
True
Does 981 divide 9444756?
False
Does 22 divide 593621116?
True
Is 383984 a multiple of 135?
False
Is 519877435 a multiple of 55?
True
Does 1761 divide 1649889705?
True
Is 867 a factor of 141051734?
False
Is 26923248 a multiple of 9?
True
Is 15 a factor of 17744670?
True
Does 6953 divide 1319693306?
True
Does 112 divide 51936590?
False
Does 19 divide 7248956?
True
Is 441090628 a multiple of 164?
True
Does 523 divide 42616132?
True
Is 150435337 a multiple of 22?
False
Does 23 divide 171809011?
True
Is 20301120 a multiple of 380?
True
Is 120799452 a multiple of 20?
False
Does 35 divide 1657728141?
False
Does 8 divide 171034832?
True
Is 53350439 a multiple of 10?
False
Is 32 a factor of 163698283?
False
Does 316 divide 26368307?
False
Is 120 a factor of 679637160?
True
Is 121 a factor of 15762006?
False
Is 29 a factor of 29132008?
True
Does 388 divide 323250172?
True
Is 59 a factor of 131596491?
True
Does 3 divide 227866929?
True
Is 1499 a factor of 109367040?
True
Is 200018700 a multiple of 1260?
True
Does 23 divide 65720430?
True
Does 19 divide 2982847277?
False
Does 1080 divide 162454040?
False
Is 38448900 a multiple of 3231?
True
Does 50 divide 13465009?
False
Does 66 divide 71393850?
True
Is 3560 a factor of 36180280?
True
Is 44946255 a multiple of 345?
True
Does 649 divide 127277337?
True
Is 8587833 a multiple of 9?
False
Is 206 a factor of 2759506358?
False
Is 218 a factor of 92826798?
True
Is 68 a factor of 625723375?
False
Does 3162 divide 1568006906?
False
Does 1165 divide 1608912713?
False
Does 1671 divide 124105170?
True
Is 6 a factor of 1032563574?
True
Is 41517542 a multiple of 11?
True
Does 5 divide 22008541?
False
Does 77 divide 1423764342?
True
Does 6101 divide 511361416?
True
Does 20 divide 56883320?
True
Is 96 a factor of 66174240?
True
Does 3529 divide 132173302?
False
Does 9 divide 15691300?
False
Is 738 a factor of 107664272?
False
Is 2160274876 a multiple of 797?
True
Is 64165506 a multiple of 18?
False
Does 58 divide 56972878?
True
Is 702 a factor of 389119302?
True
Is 34725507 a multiple of 509?
True
Does 1510 divide 24062098?
False
Is 3008288 a multiple of 315?
False
Does 19 divide 47151920?
True
Is 1313 a factor of 128835499?
True
Is 85964008 a multiple of 8?
True
Does 11 divide 20344995?
True
Does 34 divide 891122422?
True
Does 445 divide 175646395?
True
Is 2966762 a multiple of 638?
False
Is 444 a factor of 2000213565?
False
Is 168 a factor of 1348896696?
True
Is 12019245 a multiple of 35?
True
Does 7768 divide 480960838?
False
Does 24 divide 6237569?
False
Is 4802392 a multiple of 2?
True
Is 353 a factor of 197881704?
False
Does 2377 divide 27112914?
False
Does 20 divide 169069791?
False
Does 322 divide 7770764?
False
Does 7785 divide 692462125?
False
Is 667759694 a multiple of 1577?
False
Is 52 a factor of 1135119908?
True
Is 271277776 a multiple of 176?
True
Is 304066088 a multiple of 1192?
True
Is 222058668 a multiple of 9?
False
Is 23186332 a multiple of 52?
True
Does 1577 divide 326576199?
True
Is 15 a factor of 91306230?
True
Does 723 divide 335099594?
False
Is 19 a factor of 2091231?
False
Is 527 a factor of 36017183?
False
Does 7 divide 75559932?
True
Does 53 divide 147863216?
True
Does 12 divide 1095481332?
True
Is 200232211 a multiple of 3?
False
Does 15 divide 37869601?
False
Is 60631220 a multiple of 230?
True
Does 66 divide 377335860?
True
Is 3838888 a multiple of 75?
False
Is 79181309 a multiple of 10?
False
Is 589 a factor of 3065789175?
True
Is 111804588 a multiple of 114?
True
Is 644 a factor of 40983679?
False
Does 35 divide 13229307?
False
Does 52 divide 3653416801?
False
Is 3768 a factor of 593791040?
False
Is 74 a factor of 41970905?
False
Does 16 divide 936109427?
False
Is 191 a factor of 1744420?
False
Does 4 divide 20662611?
False
Does 1526 divide 485931810?
True
Is 78 a factor of 169316547?
False
Is 569122394 a multiple of 2342?
True
Is 306280195 a multiple of 1011?
False
Is 87080072 a multiple of 2069?
True
Is 207 a factor of 24661773?
True
Is 1681 a factor of 368112104?
True
Does 9 divide 191700898?
False
Is 1457 a factor of 2749492700?
False
Does 75 divide 840995264?
False
Is 532439974 a multiple of 22?
True
Does 299 divide 78323050?
True
Is 117 a factor of 70449564?
False
Is 12 a factor of 287233781?
False
Is 4 a factor of 22505471?
False
Is 63 a factor of 1082341573?
False
Is 395718266 even?
True
Is 158827688 a multiple of 152?
True
Does 372 divide 262936668?
True
Is 99 a factor of 9690978?
False
Is 125211762 a multiple of 434?
False
Does 5 divide 7497493?
False
Is 52571956 a multiple of 56?
False
Does 9 divide 1962171?
True
Does 10 divide 162446879?
False
Is 195 a factor of 441149550?
False
Is 4528452176 a multiple of 1648?
False
Is 27870624 a multiple of 1504?
True
Is 17086356 a multiple of 756?
True
Is 57 a factor of 39935520?
False
Is 6 a factor of 2104544?
False
Is 2371 a factor of 23574853?
True
Is 19890975 a multiple of 23?
True
Does 4 divide 10923776?
True
Does 2 divide 10728833?
False
Is 175 a factor of 74242277?
False
Is 20 a factor of 3408083400?
True
Is 21540930 a multiple of 13?
False
Does 703 divide 740309242?
False
Does 117 divide 939744?
True
Does 176 divide 11377520?
True
Is 578 a factor of 22017713?
False
Is 23 a factor of 131613061?
True
Is 1676538 a multiple of 239?
False
Is 7892112 a multiple of 4?
True
Is 591 a factor of 204824499?
False
Does 11 divide 995317147?
True
Is 44 a factor of 616876725?
False
Does 3 divide 20804440?
False
Does 222 divide 24834824?
False
Is 97356 a multiple of 732?
True
Does 588 divide 1657748988?
True
Is 6 a factor of 8528401?
False
Is 13 a factor of 494730822?
False
Does 41 divide 207384746?
False
Is 140122752 a multiple of 352?
True
Is 198 a factor of 106738419?
False
Is 5519175 a multiple of 456?
False
Does 2181 divide 645202955?
False
Does 12 divide 42568692?
True
Is 2763611844 a multiple of 21?
True
Does 154 divide 79860537?
False
Is 52391356 a multiple of 1071?
False
Is 605 a factor of 1715631170?
True
Is 14 a factor of 143922641?
False
Is 427474989 a multiple of 9?
True
Is 24553270 a multiple of 85?
True
Is 9491990 a multiple of 10?
True
Is 11670723 a multiple of 5?
False
Does 9 divide 12461095?
False
Is 19583471 a multiple of 174?
False
Does 3076 divide 1316528?
True
Is 1731903 a multiple of 47?
True
Is 122 a factor of 5429610?
True
Is 158 a factor of 393719376?
False
Does 803 divide 36179236?
False
Is 185079210 a multiple of 239?
True
Is 10466190 a multiple of 30?
True
Is 8970 a factor of 458331120?
True
Does 341 divide 144243432?
False
Does 11 divide 125869667?
True
Does 3111 divide 45687100?
False
Does 50 divide 88872713?
False
Is 4387151 a multiple of 2?
False
Is 7834262 a multiple of 16?
False
Does 29 divide 387270777?
False
Is 35 a factor of 52270890?
True
Does 62 divide 198944422?
True
Is 6 a factor of 6373128?
True
Is 663 a factor of 573294471?
False
Does 282 divide 51765330?
True
Is 898613572 a multiple of 427?
False
Does 50 divide 39285550?
True
Does 232 divide 378239112?
True
Is 7 a factor of 50614025?
True
Is 59 a factor of 357930508?
False
Is 101250270 a multiple of 429?
False
Does 69 divide 186469326?
True
Is 7 a factor of 194768281?
False
Does 28 divide 34549272?
False
Is 2250536 a multiple of 12?
False
Does 28 divide 4278316?
True
Is 24 a factor of 41446612?
False
Is 436 a factor of 16419161?
False
Is 1257 a factor of 834120060?
True
Does 13 divide 81990441?
True
Is 20 a factor of 57762007?
False
Is 195 a factor of 106225836?
False
Is 10158229 a multiple of 53?
False
Is 420 a factor of 17837282?
False
Does 9508 divide 2249022320?
True
Is 215107185 a multiple of 1273?
False
Is 111 a factor of 306906111?
False
Is 1936 a factor of 5957602?
False
Does 20 divide 44554047?
False
Does 4 divide 13862911?
False
Is 7970894 a multiple of 2